{"id":441,"date":"2023-02-25T13:34:22","date_gmt":"2023-02-25T13:34:22","guid":{"rendered":"https:\/\/busy-davinci.89-22-123-149.plesk.page\/?page_id=441"},"modified":"2025-10-18T10:33:29","modified_gmt":"2025-10-18T10:33:29","slug":"unsere-verankerung","status":"publish","type":"page","link":"https:\/\/www.daijihi.org\/?page_id=441","title":{"rendered":"Unsere Verankerung"},"content":{"rendered":"\n<p class=\"\">Die&nbsp;Daijihi&nbsp;\u2013 Soto Zen&nbsp;Sangha&nbsp;\u00d6sterreich geh\u00f6rt zum internationalen Netzwerk der&nbsp;<a href=\"http:\/\/www.sanshinji.org\">Sanshin&nbsp;Zen Community<\/a> mit Hauptsitz in Bloomington, Indiana, USA, Das Europ\u00e4ische Netzwerk, sowie zum Netzwerk der&nbsp;<a href=\"http:\/\/www.sotozen.com\" target=\"_blank\" rel=\"noreferrer noopener\">Sotoshu&nbsp;Shumucho<\/a>.<\/p>\n\n\n\n<figure class=\"wp-block-image aligncenter size-full\"><img loading=\"lazy\" decoding=\"async\" width=\"1658\" height=\"1105\" src=\"https:\/\/www.daijihi.org\/wp-content\/uploads\/2025\/10\/Verankerung.jpg\" alt=\"\" class=\"wp-image-1183\" srcset=\"https:\/\/www.daijihi.org\/wp-content\/uploads\/2025\/10\/Verankerung.jpg 1658w, https:\/\/www.daijihi.org\/wp-content\/uploads\/2025\/10\/Verankerung-300x200.jpg 300w, https:\/\/www.daijihi.org\/wp-content\/uploads\/2025\/10\/Verankerung-1024x682.jpg 1024w, https:\/\/www.daijihi.org\/wp-content\/uploads\/2025\/10\/Verankerung-768x512.jpg 768w, https:\/\/www.daijihi.org\/wp-content\/uploads\/2025\/10\/Verankerung-1536x1024.jpg 1536w, https:\/\/www.daijihi.org\/wp-content\/uploads\/2025\/10\/Verankerung-600x400.jpg 600w, https:\/\/www.daijihi.org\/wp-content\/uploads\/2025\/10\/Verankerung-1200x800.jpg 1200w\" sizes=\"auto, (max-width: 1658px) 100vw, 1658px\" \/><\/figure>\n\n\n\n<p class=\"\">Sanshin&nbsp;ist eine internationale&nbsp;Sangha, die 1996 von&nbsp;Shohaku&nbsp;Okumura, einem Soto Zen-Priester und angesehenen \u00dcbersetzer des japanischen Zen-Meisters&nbsp;Eihei&nbsp;Dogen&nbsp;Zenji&nbsp;aus dem 13. Jahrhundert, gegr\u00fcndet wurde.&nbsp;<\/p>\n\n\n\n<p class=\"\">Alle Aktivit\u00e4ten sind f\u00fcr jeden offen, der ein Interesse an der Praxis des Soto Zen hat. Wir sind gr\u00f6\u00dftenteils eine Laien-Sangha, wobei die meisten regelm\u00e4\u00dfigen Aktivit\u00e4ten an Wochentagen abends bzw. sonntags stattfinden oder auch nach Absprache, um mit dem Leben in Beruf und Familie vereinbar zu sein.&nbsp;<\/p>\n\n\n\n<div style=\"height:30px\" aria-hidden=\"true\" class=\"wp-block-spacer\"><\/div>\n\n\n\n<h2 class=\"wp-block-heading has-text-align-center\"><strong>OKUMURA ROSHI \u00fcber \u201eSANSHIN\u201c ALS GRUNDPRINZIP<\/strong>&nbsp;<\/h2>\n\n\n\n<p class=\"\"><strong>&nbsp;\u201eIchiza,&nbsp;nigyou,&nbsp;Sanshin.<\/strong>&nbsp;<br><strong>Ein Sitzen (Ichiza),&nbsp;<\/strong>&nbsp;<br><strong>zwei \u00dcbungen (Nigyou: Gel\u00fcbde und Reue),&nbsp;<\/strong>&nbsp;<br><strong>drei Geisteshaltungen (Sanshin: gro\u00dfherziger Geist, f\u00fcrsorglicher Geist, freudiger Geist).\u201c<\/strong>&nbsp;<br>&nbsp;<br><strong>\u201e<\/strong><em>SANSHIN<\/em>&nbsp;ist der Ausdruck, den&nbsp;Uchiyama&nbsp;Roshi&nbsp;in seinem letzten Vortrag in&nbsp;Antaiji&nbsp;verwendete. Er zog sich 1975 aus&nbsp;Antaiji&nbsp;zur\u00fcck, vor vielen Jahren. Ich war 26 oder 27 Jahre alt, also war es mehr als 40 Jahre her.\u202f Er sagte, dass er sich als Lehrer oder Abt von&nbsp;Antaiji&nbsp;vor Augen gef\u00fchrt habe, dass diese drei Dinge die wichtigsten seien, und er habe diese drei Punkte an&nbsp;seine Sch\u00fcler weitergegeben.<strong>&nbsp;<\/strong>Danach musste ich in dieses Land [Die Vereinigten Staaten von Amerika] kommen und ohne meinen Lehrer \u00fcben, also waren diese Punkte meine Lehrerin. F\u00fcr mich ist&nbsp;Sanshin&nbsp;die Essenz seiner&nbsp;Lehre.&nbsp;<br>Nat\u00fcrlich ist Zazen das Wichtigste, aber&nbsp;<em>Sanshin<\/em>&nbsp;ist, wie unser Zazen in unserem t\u00e4glichen Leben Umsetzung findet, ob wir nun in einem Kloster oder in der Gesellschaft, mit unseren Familien, an unseren Arbeitspl\u00e4tzen oder in der Gesellschaft insgesamt leben.&nbsp;<\/p>\n\n\n\n<p class=\"\">Wenn wir mit anderen Menschen zusammenleben, brauchen wir diese drei Leitgedanken. F\u00fcr Dogen sind diese drei Geisteshaltungen eine praxisbezogene Anweisung f\u00fcr die M\u00f6nche im Kloster, aber&nbsp;Uchiyama&nbsp;Roshi&nbsp;sagte, dass diese Lehre nicht nur f\u00fcr die M\u00f6nche im Kloster gilt, sondern f\u00fcr jeden, der mit anderen&nbsp;zusammenlebt. Ob es nun eine buddhistische&nbsp;Sangha&nbsp;oder eine andere Art von Gemeinschaft ist, wir brauchen diese drei grundlegenden Geisteshaltungen.&nbsp;<br>&nbsp;<br>Ebenso sind die Lehren in&nbsp;Dogen\u2019s&nbsp;Eihei&nbsp;Shingi&nbsp;(Pure Standards&nbsp;for&nbsp;the&nbsp;Zen Community) nach&nbsp;Uchiyama&nbsp;Roshi&nbsp;eine Einf\u00fchrung, wie unsere Zazen-Praxis au\u00dferhalb des&nbsp;Zendo&nbsp; in unserem t\u00e4glichen Leben funktionieren kann.&nbsp;<\/p>\n\n\n\n<p class=\"\">&nbsp;Urspr\u00fcnglich waren dies Anweisungen f\u00fcr M\u00f6nche im Kloster, aber&nbsp;Uchiyama&nbsp;Roshi&nbsp;sagt, dass sie nicht nur f\u00fcr M\u00f6nche sind, die im Kloster leben, sondern wichtig f\u00fcr jeden, der in einer Gemeinschaft mit anderen Menschen lebt. [\u2026]&nbsp;<\/p>\n\n\n\n<figure class=\"wp-block-image aligncenter size-large\"><img loading=\"lazy\" decoding=\"async\" width=\"816\" height=\"1024\" src=\"https:\/\/www.daijihi.org\/wp-content\/uploads\/2023\/03\/hojosan-and-me-816x1024.jpg\" alt=\"\" class=\"wp-image-594\" style=\"object-fit:cover\"\/><figcaption class=\"wp-element-caption\">Okumura&nbsp;Roshi&nbsp;und&nbsp;Hoko&nbsp;Karnegis,&nbsp;&nbsp;<br>Sanshinji,&nbsp;Bloomington, IN, USA&nbsp;<\/figcaption><\/figure>\n\n\n\n<figure class=\"wp-block-embed aligncenter is-type-video is-provider-youtube wp-block-embed-youtube wp-embed-aspect-16-9 wp-has-aspect-ratio\"><div class=\"wp-block-embed__wrapper\">\n<iframe loading=\"lazy\" title=\"Zazen ist f\u00fcr nichts gut\" width=\"500\" height=\"281\" src=\"https:\/\/www.youtube.com\/embed\/MoZtAEa75k4?feature=oembed\" frameborder=\"0\" allow=\"accelerometer; autoplay; clipboard-write; encrypted-media; gyroscope; picture-in-picture; web-share\" referrerpolicy=\"strict-origin-when-cross-origin\" allowfullscreen><\/iframe>\n<\/div><\/figure>\n\n\n\n<p class=\"has-text-align-center\">F\u00fcr weitere Details kontaktiere uns bitte unter&nbsp;<a rel=\"noreferrer noopener\" href=\"mailto:info@dajihi.org\" target=\"_blank\">info@dajihi.org<\/a>&nbsp;&nbsp;<br>&nbsp;<br>oder&nbsp;auf den&nbsp;Seiten&nbsp;von:&nbsp;<\/p>\n\n\n\n<figure class=\"wp-block-image aligncenter size-full is-resized\"><a href=\"http:\/\/www.sanshinji.org\" target=\"_blank\" rel=\"noreferrer noopener\"><img loading=\"lazy\" decoding=\"async\" width=\"558\" height=\"225\" src=\"https:\/\/www.daijihi.org\/wp-content\/uploads\/2023\/03\/Sanshin-Zen-Community.jpg\" alt=\"\" class=\"wp-image-595\" style=\"width:279px;height:113px\" srcset=\"https:\/\/www.daijihi.org\/wp-content\/uploads\/2023\/03\/Sanshin-Zen-Community.jpg 558w, https:\/\/www.daijihi.org\/wp-content\/uploads\/2023\/03\/Sanshin-Zen-Community-300x121.jpg 300w\" sizes=\"auto, (max-width: 558px) 100vw, 558px\" \/><\/a><\/figure>\n\n\n\n<p class=\"has-text-align-center\">und&nbsp;<\/p>\n\n\n\n<figure class=\"wp-block-image aligncenter size-large is-resized\"><a href=\"http:\/\/www.sotozen.com\/ger\" target=\"_blank\" rel=\"noreferrer noopener\"><img loading=\"lazy\" decoding=\"async\" width=\"1024\" height=\"539\" src=\"https:\/\/www.daijihi.org\/wp-content\/uploads\/2023\/03\/Sotoshu-Shumucho-1024x539.jpg\" alt=\"\" class=\"wp-image-596\" style=\"width:256px;height:135px\" srcset=\"https:\/\/www.daijihi.org\/wp-content\/uploads\/2023\/03\/Sotoshu-Shumucho-1024x539.jpg 1024w, https:\/\/www.daijihi.org\/wp-content\/uploads\/2023\/03\/Sotoshu-Shumucho-300x158.jpg 300w, https:\/\/www.daijihi.org\/wp-content\/uploads\/2023\/03\/Sotoshu-Shumucho-768x404.jpg 768w, https:\/\/www.daijihi.org\/wp-content\/uploads\/2023\/03\/Sotoshu-Shumucho-800x421.jpg 800w, https:\/\/www.daijihi.org\/wp-content\/uploads\/2023\/03\/Sotoshu-Shumucho-600x316.jpg 600w, https:\/\/www.daijihi.org\/wp-content\/uploads\/2023\/03\/Sotoshu-Shumucho.jpg 1104w\" sizes=\"auto, (max-width: 1024px) 100vw, 1024px\" \/><\/a><\/figure>\n\n\n\n<div class=\"wp-block-columns is-layout-flex wp-container-core-columns-is-layout-28f84493 wp-block-columns-is-layout-flex\">\n<div class=\"wp-block-column is-layout-flow wp-block-column-is-layout-flow\">\n<figure class=\"wp-block-embed is-type-video is-provider-youtube wp-block-embed-youtube wp-embed-aspect-16-9 wp-has-aspect-ratio\"><div class=\"wp-block-embed__wrapper\">\n<iframe loading=\"lazy\" title=\"Soto Zen As a new style of living - Soto Zen Buddhism In North America\" width=\"500\" height=\"281\" src=\"https:\/\/www.youtube.com\/embed\/icqm_E3kNXs?feature=oembed\" frameborder=\"0\" allow=\"accelerometer; autoplay; clipboard-write; encrypted-media; gyroscope; picture-in-picture; web-share\" referrerpolicy=\"strict-origin-when-cross-origin\" allowfullscreen><\/iframe>\n<\/div><figcaption class=\"wp-element-caption\">Soto-Zen in den USA<\/figcaption><\/figure>\n<\/div>\n\n\n\n<div class=\"wp-block-column is-layout-flow wp-block-column-is-layout-flow\">\n<figure class=\"wp-block-embed is-type-video is-provider-youtube wp-block-embed-youtube wp-embed-aspect-16-9 wp-has-aspect-ratio\"><div class=\"wp-block-embed__wrapper\">\n<iframe loading=\"lazy\" title=\"SIT   Short Documentary Film\" width=\"500\" height=\"281\" src=\"https:\/\/www.youtube.com\/embed\/b0CB_Gu2n9o?feature=oembed\" frameborder=\"0\" allow=\"accelerometer; autoplay; clipboard-write; encrypted-media; gyroscope; picture-in-picture; web-share\" referrerpolicy=\"strict-origin-when-cross-origin\" allowfullscreen><\/iframe>\n<\/div><figcaption class=\"wp-element-caption\">Familienalltag bei den Okumuras<\/figcaption><\/figure>\n<\/div>\n\n\n\n<div class=\"wp-block-column is-layout-flow wp-block-column-is-layout-flow\">\n<figure class=\"wp-block-embed is-type-video is-provider-youtube wp-block-embed-youtube wp-embed-aspect-16-9 wp-has-aspect-ratio\"><div class=\"wp-block-embed__wrapper\">\n<iframe loading=\"lazy\" title=\"Strawberries Will Save The World - Short Documentary About Happiness\ud83c\udf53\" width=\"500\" height=\"281\" src=\"https:\/\/www.youtube.com\/embed\/K5ZAIheCiQs?feature=oembed\" frameborder=\"0\" allow=\"accelerometer; autoplay; clipboard-write; encrypted-media; gyroscope; picture-in-picture; web-share\" referrerpolicy=\"strict-origin-when-cross-origin\" allowfullscreen><\/iframe>\n<\/div><figcaption class=\"wp-element-caption\">Yuko Okumura liebt Erdbeeren<\/figcaption><\/figure>\n<\/div>\n<\/div>\n","protected":false},"excerpt":{"rendered":"<p>Die&nbsp;Daijihi&nbsp;\u2013 Soto Zen&nbsp;Sangha&nbsp;\u00d6sterreich geh\u00f6rt zum internationalen Netzwerk der&nbsp;Sanshin&nbsp;Zen Community mit Hauptsitz in Bloomington, Indiana, USA, Das Europ\u00e4ische Netzwerk, sowie zum Netzwerk der&nbsp;Sotoshu&nbsp;Shumucho. Sanshin&nbsp;ist eine internationale&nbsp;Sangha, die 1996 von&nbsp;Shohaku&nbsp;Okumura, einem Soto Zen-Priester und angesehenen \u00dcbersetzer des japanischen Zen-Meisters&nbsp;Eihei&nbsp;Dogen&nbsp;Zenji&nbsp;aus dem 13. Jahrhundert, gegr\u00fcndet wurde.&nbsp; Alle Aktivit\u00e4ten sind f\u00fcr jeden offen, der ein Interesse an der Praxis des [&hellip;]<\/p>\n","protected":false},"author":1,"featured_media":0,"parent":0,"menu_order":0,"comment_status":"closed","ping_status":"closed","template":"","meta":{"footnotes":""},"class_list":["post-441","page","type-page","status-publish","hentry"],"yoast_head":"<!-- This site is optimized with the Yoast SEO plugin v27.6 - https:\/\/yoast.com\/product\/yoast-seo-wordpress\/ -->\n<title>Unsere Verankerung - Daijihi<\/title>\n<meta name=\"robots\" content=\"noindex, follow, max-snippet:-1, max-image-preview:large, max-video-preview:-1\" \/>\n<meta property=\"og:locale\" content=\"en_GB\" \/>\n<meta property=\"og:type\" content=\"article\" \/>\n<meta property=\"og:title\" content=\"Unsere Verankerung - Daijihi\" \/>\n<meta property=\"og:description\" content=\"Die&nbsp;Daijihi&nbsp;\u2013 Soto Zen&nbsp;Sangha&nbsp;\u00d6sterreich geh\u00f6rt zum internationalen Netzwerk der&nbsp;Sanshin&nbsp;Zen Community mit Hauptsitz in Bloomington, Indiana, USA, Das Europ\u00e4ische Netzwerk, sowie zum Netzwerk der&nbsp;Sotoshu&nbsp;Shumucho. Sanshin&nbsp;ist eine internationale&nbsp;Sangha, die 1996 von&nbsp;Shohaku&nbsp;Okumura, einem Soto Zen-Priester und angesehenen \u00dcbersetzer des japanischen Zen-Meisters&nbsp;Eihei&nbsp;Dogen&nbsp;Zenji&nbsp;aus dem 13. Jahrhundert, gegr\u00fcndet wurde.&nbsp; Alle Aktivit\u00e4ten sind f\u00fcr jeden offen, der ein Interesse an der Praxis des [&hellip;]\" \/>\n<meta property=\"og:url\" content=\"https:\/\/www.daijihi.org\/?page_id=441\" \/>\n<meta property=\"og:site_name\" content=\"Daijihi\" \/>\n<meta property=\"article:modified_time\" content=\"2025-10-18T10:33:29+00:00\" \/>\n<meta property=\"og:image\" content=\"https:\/\/www.daijihi.org\/wp-content\/uploads\/2025\/10\/Verankerung.jpg\" \/>\n<meta name=\"twitter:card\" content=\"summary_large_image\" \/>\n<meta name=\"twitter:label1\" content=\"Estimated reading time\" \/>\n\t<meta name=\"twitter:data1\" content=\"3 minutes\" \/>\n<script type=\"application\/ld+json\" class=\"yoast-schema-graph\">{\"@context\":\"https:\\\/\\\/schema.org\",\"@graph\":[{\"@type\":\"WebPage\",\"@id\":\"https:\\\/\\\/www.daijihi.org\\\/?page_id=441\",\"url\":\"https:\\\/\\\/www.daijihi.org\\\/?page_id=441\",\"name\":\"Unsere Verankerung - Daijihi\",\"isPartOf\":{\"@id\":\"https:\\\/\\\/www.daijihi.org\\\/#website\"},\"primaryImageOfPage\":{\"@id\":\"https:\\\/\\\/www.daijihi.org\\\/?page_id=441#primaryimage\"},\"image\":{\"@id\":\"https:\\\/\\\/www.daijihi.org\\\/?page_id=441#primaryimage\"},\"thumbnailUrl\":\"https:\\\/\\\/www.daijihi.org\\\/wp-content\\\/uploads\\\/2025\\\/10\\\/Verankerung.jpg\",\"datePublished\":\"2023-02-25T13:34:22+00:00\",\"dateModified\":\"2025-10-18T10:33:29+00:00\",\"breadcrumb\":{\"@id\":\"https:\\\/\\\/www.daijihi.org\\\/?page_id=441#breadcrumb\"},\"inLanguage\":\"en-GB\",\"potentialAction\":[{\"@type\":\"ReadAction\",\"target\":[\"https:\\\/\\\/www.daijihi.org\\\/?page_id=441\"]}]},{\"@type\":\"ImageObject\",\"inLanguage\":\"en-GB\",\"@id\":\"https:\\\/\\\/www.daijihi.org\\\/?page_id=441#primaryimage\",\"url\":\"https:\\\/\\\/www.daijihi.org\\\/wp-content\\\/uploads\\\/2025\\\/10\\\/Verankerung.jpg\",\"contentUrl\":\"https:\\\/\\\/www.daijihi.org\\\/wp-content\\\/uploads\\\/2025\\\/10\\\/Verankerung.jpg\",\"width\":1658,\"height\":1105},{\"@type\":\"BreadcrumbList\",\"@id\":\"https:\\\/\\\/www.daijihi.org\\\/?page_id=441#breadcrumb\",\"itemListElement\":[{\"@type\":\"ListItem\",\"position\":1,\"name\":\"Startseite\",\"item\":\"https:\\\/\\\/www.daijihi.org\\\/\"},{\"@type\":\"ListItem\",\"position\":2,\"name\":\"Unsere Verankerung\"}]},{\"@type\":\"WebSite\",\"@id\":\"https:\\\/\\\/www.daijihi.org\\\/#website\",\"url\":\"https:\\\/\\\/www.daijihi.org\\\/\",\"name\":\"Daijihi\",\"description\":\"\",\"publisher\":{\"@id\":\"https:\\\/\\\/www.daijihi.org\\\/#organization\"},\"potentialAction\":[{\"@type\":\"SearchAction\",\"target\":{\"@type\":\"EntryPoint\",\"urlTemplate\":\"https:\\\/\\\/www.daijihi.org\\\/?s={search_term_string}\"},\"query-input\":{\"@type\":\"PropertyValueSpecification\",\"valueRequired\":true,\"valueName\":\"search_term_string\"}}],\"inLanguage\":\"en-GB\"},{\"@type\":\"Organization\",\"@id\":\"https:\\\/\\\/www.daijihi.org\\\/#organization\",\"name\":\"Daijihi\",\"url\":\"https:\\\/\\\/www.daijihi.org\\\/\",\"logo\":{\"@type\":\"ImageObject\",\"inLanguage\":\"en-GB\",\"@id\":\"https:\\\/\\\/www.daijihi.org\\\/#\\\/schema\\\/logo\\\/image\\\/\",\"url\":\"https:\\\/\\\/www.daijihi.org\\\/wp-content\\\/uploads\\\/2025\\\/10\\\/photo_2025-10-12-15.40.12.jpeg\",\"contentUrl\":\"https:\\\/\\\/www.daijihi.org\\\/wp-content\\\/uploads\\\/2025\\\/10\\\/photo_2025-10-12-15.40.12.jpeg\",\"width\":1280,\"height\":668,\"caption\":\"Daijihi\"},\"image\":{\"@id\":\"https:\\\/\\\/www.daijihi.org\\\/#\\\/schema\\\/logo\\\/image\\\/\"}}]}<\/script>\n<!-- \/ Yoast SEO plugin. -->","yoast_head_json":{"title":"Unsere Verankerung - Daijihi","robots":{"index":"noindex","follow":"follow","max-snippet":"max-snippet:-1","max-image-preview":"max-image-preview:large","max-video-preview":"max-video-preview:-1"},"og_locale":"en_GB","og_type":"article","og_title":"Unsere Verankerung - Daijihi","og_description":"Die&nbsp;Daijihi&nbsp;\u2013 Soto Zen&nbsp;Sangha&nbsp;\u00d6sterreich geh\u00f6rt zum internationalen Netzwerk der&nbsp;Sanshin&nbsp;Zen Community mit Hauptsitz in Bloomington, Indiana, USA, Das Europ\u00e4ische Netzwerk, sowie zum Netzwerk der&nbsp;Sotoshu&nbsp;Shumucho. Sanshin&nbsp;ist eine internationale&nbsp;Sangha, die 1996 von&nbsp;Shohaku&nbsp;Okumura, einem Soto Zen-Priester und angesehenen \u00dcbersetzer des japanischen Zen-Meisters&nbsp;Eihei&nbsp;Dogen&nbsp;Zenji&nbsp;aus dem 13. Jahrhundert, gegr\u00fcndet wurde.&nbsp; Alle Aktivit\u00e4ten sind f\u00fcr jeden offen, der ein Interesse an der Praxis des [&hellip;]","og_url":"https:\/\/www.daijihi.org\/?page_id=441","og_site_name":"Daijihi","article_modified_time":"2025-10-18T10:33:29+00:00","og_image":[{"url":"https:\/\/www.daijihi.org\/wp-content\/uploads\/2025\/10\/Verankerung.jpg","type":"","width":"","height":""}],"twitter_card":"summary_large_image","twitter_misc":{"Estimated reading time":"3 minutes"},"schema":{"@context":"https:\/\/schema.org","@graph":[{"@type":"WebPage","@id":"https:\/\/www.daijihi.org\/?page_id=441","url":"https:\/\/www.daijihi.org\/?page_id=441","name":"Unsere Verankerung - Daijihi","isPartOf":{"@id":"https:\/\/www.daijihi.org\/#website"},"primaryImageOfPage":{"@id":"https:\/\/www.daijihi.org\/?page_id=441#primaryimage"},"image":{"@id":"https:\/\/www.daijihi.org\/?page_id=441#primaryimage"},"thumbnailUrl":"https:\/\/www.daijihi.org\/wp-content\/uploads\/2025\/10\/Verankerung.jpg","datePublished":"2023-02-25T13:34:22+00:00","dateModified":"2025-10-18T10:33:29+00:00","breadcrumb":{"@id":"https:\/\/www.daijihi.org\/?page_id=441#breadcrumb"},"inLanguage":"en-GB","potentialAction":[{"@type":"ReadAction","target":["https:\/\/www.daijihi.org\/?page_id=441"]}]},{"@type":"ImageObject","inLanguage":"en-GB","@id":"https:\/\/www.daijihi.org\/?page_id=441#primaryimage","url":"https:\/\/www.daijihi.org\/wp-content\/uploads\/2025\/10\/Verankerung.jpg","contentUrl":"https:\/\/www.daijihi.org\/wp-content\/uploads\/2025\/10\/Verankerung.jpg","width":1658,"height":1105},{"@type":"BreadcrumbList","@id":"https:\/\/www.daijihi.org\/?page_id=441#breadcrumb","itemListElement":[{"@type":"ListItem","position":1,"name":"Startseite","item":"https:\/\/www.daijihi.org\/"},{"@type":"ListItem","position":2,"name":"Unsere Verankerung"}]},{"@type":"WebSite","@id":"https:\/\/www.daijihi.org\/#website","url":"https:\/\/www.daijihi.org\/","name":"Daijihi","description":"","publisher":{"@id":"https:\/\/www.daijihi.org\/#organization"},"potentialAction":[{"@type":"SearchAction","target":{"@type":"EntryPoint","urlTemplate":"https:\/\/www.daijihi.org\/?s={search_term_string}"},"query-input":{"@type":"PropertyValueSpecification","valueRequired":true,"valueName":"search_term_string"}}],"inLanguage":"en-GB"},{"@type":"Organization","@id":"https:\/\/www.daijihi.org\/#organization","name":"Daijihi","url":"https:\/\/www.daijihi.org\/","logo":{"@type":"ImageObject","inLanguage":"en-GB","@id":"https:\/\/www.daijihi.org\/#\/schema\/logo\/image\/","url":"https:\/\/www.daijihi.org\/wp-content\/uploads\/2025\/10\/photo_2025-10-12-15.40.12.jpeg","contentUrl":"https:\/\/www.daijihi.org\/wp-content\/uploads\/2025\/10\/photo_2025-10-12-15.40.12.jpeg","width":1280,"height":668,"caption":"Daijihi"},"image":{"@id":"https:\/\/www.daijihi.org\/#\/schema\/logo\/image\/"}}]}},"featured_media_urls":[],"_links":{"self":[{"href":"https:\/\/www.daijihi.org\/index.php?rest_route=\/wp\/v2\/pages\/441","targetHints":{"allow":["GET"]}}],"collection":[{"href":"https:\/\/www.daijihi.org\/index.php?rest_route=\/wp\/v2\/pages"}],"about":[{"href":"https:\/\/www.daijihi.org\/index.php?rest_route=\/wp\/v2\/types\/page"}],"author":[{"embeddable":true,"href":"https:\/\/www.daijihi.org\/index.php?rest_route=\/wp\/v2\/users\/1"}],"replies":[{"embeddable":true,"href":"https:\/\/www.daijihi.org\/index.php?rest_route=%2Fwp%2Fv2%2Fcomments&post=441"}],"version-history":[{"count":18,"href":"https:\/\/www.daijihi.org\/index.php?rest_route=\/wp\/v2\/pages\/441\/revisions"}],"predecessor-version":[{"id":1272,"href":"https:\/\/www.daijihi.org\/index.php?rest_route=\/wp\/v2\/pages\/441\/revisions\/1272"}],"wp:attachment":[{"href":"https:\/\/www.daijihi.org\/index.php?rest_route=%2Fwp%2Fv2%2Fmedia&parent=441"}],"curies":[{"name":"wp","href":"https:\/\/api.w.org\/{rel}","templated":true}]}}